 = -23 - -9. Let i(a) = 138*a**3 - a**2 + a - 1. Let j be i(1). Let u = j - w. What is the units digit of u?
1
Let m(j) = -j + 6. Let a = -23 + 34. Let b be m(a). Let o(d) = -d**2 - 6*d + 1. What is the units digit of o(b)?
6
Let i = -22 - -30. Suppose j + 5*l + i = 0, -4 = -2*j + 2*l + 4. Suppose 2*w - 54 = -j*k, 0*k + 3*w + 44 = 2*k. What is the tens digit of k?
2
Let n = 14326 + 7066. What is the ten thousands digit of n?
2
Let g(u) = -50*u + 1. Let t be g(-5). Let h be (-116)/3*-9 + 0 + 7. Let o = h - t. What is the units digit of o?
4
Let r(f) = -52*f**2 - 88*f - 34. Let u(k) = -26*k**2 - 45*k - 17. Let d(h) = -3*r(h) + 5*u(h). What is the thousands digit of d(-7)?
1
Suppose -2*y - 42 - 8 = 0. Let v = 29 + y. Suppose 4*p - 158 = w, 7*p - v*w = 4*p + 125. What is the tens digit of p?
3
Let c be (82110/(-12))/(-17)*4/5. Suppose -l + c + 239 = 0. What is the hundreds digit of l?
5
What is the hundreds digit of -6*5/4*-8*71776/128?
6
Suppose 54*d = 172136 + 435148. What is the thousands digit of d?
1
Let k(n) = 45*n**3 + n**2 + 2*n - 2. Let y = 6 - 5. Let q be k(y). Suppose 0 = 38*o - q*o + 1432. What is the hundreds digit of o?
1
Suppose -331873 + 14317 = -132*q + 1084152. What is the hundreds digit of q?
6
Let u = 16 - 16. Let d be 5*12/20 + u. Suppose h - 2*p = 49, p + p + 167 = d*h. What is the tens digit of h?
5
What is the hundreds digit of 105/126 + 24268/24?
0
Let l(i) = i**2 + 22*i - 21. Let q be l(-16). Let u = -78 - q. What is the units digit of u?
9
Let k(r) = -r**3 + 3*r**2 + 3*r - 3. Suppose -3*b + 17 = -10. Let i be (-2)/((-42)/b + 4). What is the units digit of k(i)?
6
Let t = -8210 - -20407. What is the units digit of t?
7
Let m(l) = 44*l + 70. Suppose -6*i - 48 = -18*i. What is the units digit of m(i)?
6
Let a(j) = -1938*j - 3647. What is the hundreds digit of a(-8)?
8
Let k(h) = -25*h**2 + 2089*h - 178. What is the hundreds digit of k(57)?
6
Let i(b) = -57*b - 17. Let g be ((-6)/4)/(7 - (-65)/(-10)). What is the hundreds digit of i(g)?
1
Let d(u) = -31*u**2 - 3*u - 2. Let i be d(-1). What is the units digit of 4/((-8)/(-10))*(-2532)/i?
2
Suppose -a - 2*m = 2, 7 + 10 = -5*a - 3*m. What is the tens digit of -5 - 1200/(-32)*a/(-1)?
4
Let d(l) = -6*l + 1. Suppose -4*r + 16 = 4*a, -4*a + 1 + 19 = 0. Let h be d(r). Let y(j) = 3*j**2 - j - 17. What is the hundreds digit of y(h)?
1
Let b be 245 - -2 - (60/(-5))/(-3). Let o = b + -83. What is the tens digit of o?
6
Let k(a) = 17*a + 67. Let m be k(-6). What is the hundreds digit of 4/(-10) + (-1 - 31339/m)?
8
Suppose 8*g = -544 + 1824. Suppose 862 = 6*q + g. What is the tens digit of q?
1
Suppose 0 = -5*q + 4*m - 21 - 79, q = 2*m - 20. Let x(o) = -o**2 - 21*o - 18. Let z be x(q). Suppose -2*v = z*n - 158, 1 = v + 5. What is the tens digit of n?
8
What is the thousands digit of (-44682)/(-2) - (-6 + (19 - 7))?
2
Let y be (46/(-115))/((-2)/10). Let n be 70/20 - (-1)/y. Suppose -32 = -2*z + n*k + 138, -2*k = 6. What is the tens digit of z?
7
Suppose -d + 3 = 4*g - 4, -g = -2*d + 5. What is the tens digit of d*(2/4*62 + -4)?
8
Let d = 18052 + -7733. What is the tens digit of d?
1
Let m(q) be the third derivative of q**4/24 + 11*q**3/2 - 7*q**2. Let b be m(-14). Let i = b - -41. What is the units digit of i?
0
Let v(o) = -9*o - 1. Let g be v(3). Suppose x = 2*h + 2, h - 6 = 3*h. What is the tens digit of (-321)/x + (-21)/g?
8
Let c = -1383 - -3042. Suppose -5*i + 4*k - 1504 = -4301, 0 = -3*i - 4*k + c. What is the hundreds digit of i?
5
Suppose 0 = 340*z + 26*z - 7861680. What is the hundreds digit of z?
4
Let y(a) = 317*a + 74. Let o be y(2). What is the hundreds digit of 7/1 - (-51 - o)?
7
Let n = 3954 + -2776. Suppose -4*a + n = 2*b - 4*b, -a + b + 296 = 0. Suppose -7*t = 20 - a. What is the units digit of t?
9
Let p(b) = -10*b**2 - 26*b + 34. Let x(y) = 7*y**2 + 17*y - 23. Let q(c) = -5*p(c) - 7*x(c). What is the units digit of q(-22)?
3
Suppose 36101 = 12*m - 45319. Suppose 42*r - 47*r = -m. What is the units digit of r?
7
Let r(p) = 3*p + 9. Let f(i) = 1. Let l(g) = -10*f(g) - 2*r(g). Let j be l(-5). Suppose -j*v - 2*v + 256 = -5*b, -3*b + 150 = 2*v. What is the tens digit of v?
6
Let v = -1214 - -3948. What is the hundreds digit of v?
7
Let r = -209 - -376. Let i = r + 2. What is the hundreds digit of i?
1
Suppose 0 = 598*t - 893467 - 173365. What is the tens digit of t?
8
Let t be (-314)/13 - (-34)/221. What is the tens digit of (16/t)/(2/(-1227))?
0
Suppose -v - 39 = -2*m, 0 = -5*m + 4*v - 2*v + 99. Let t(j) = 20*j + 103. What is the hundreds digit of t(m)?
5
Suppose 3*i + 14 = 17. What is the hundreds digit of 413 + 17 + 2/(-2) + i?
4
Let k(m) = 29*m**2 + 7*m + 16 + 8*m**2 - 36*m**2 + 5*m**3. What is the units digit of k(6)?
4
Suppose 49*h - 49497 = 170905. What is the thousands digit of h?
4
Let h(t) be the third derivative of 91*t**4/8 - 37*t**3/6 - 76*t**2. What is the tens digit of h(2)?
0
Let o(l) = 22*l**3 - l**2 + l - 1. Let p be o(-2). Let v = 5 + -39. Let q = v - p. What is the units digit of q?
9
Suppose -4*z - z = -4*u - 2571, 4*z + u - 2040 = 0. Suppose 5*y = -4*p + z, 13*p - y = 8*p + 675. What is the units digit of p?
4
Let d = 2479 + -248. What is the units digit of d?
1
Suppose -60 = -7*w + 4*w. Suppose 0 = -28*v + 29*v + w. Let a = 51 + v. What is the units digit of a?
1
Let d(k) = -43368*k - 714. What is the units digit of d(-1)?
4
Let y be (4/3)/((-4)/(-6)). Let o = -2788 + 2813. Suppose -o = 2*n + y*i - 197, 0 = -4*n + i + 344. What is the tens digit of n?
8
Let c = -69 + 65. What is the tens digit of c/20*2 - 1088/(-20)?
5
Suppose 5*j = k + 44090, -46*k + 43*k + 44110 = 5*j. What is the hundreds digit of j?
8
Let b be -4 - 120/(-28) - (-19)/7. Suppose -b*q - 5*u = -608, -5*q - 4*u = -1560 + 538. Let h = q - 101. What is the units digit of h?
5
Suppose 573 = -3*i + 5*f, 5*f - 59 = -i - 230. Let v be (-7)/(35/(-20)) - i. Let m = v + -71. What is the tens digit of m?
1
Let c = -16 - -129. Let y be (c + 0)/(-19 - -20). What is the tens digit of (8 + -9)/((-1)/y)?
1
Let r(v) = 105*v**3 - 2*v**2 + 5*v - 4. Let u be r(2). Suppose -254 = -2*s + 2*g + u, -3*g - 6 = 0. What is the tens digit of s?
4
Suppose 18*g - 3*c - 11499 = 15*g, 3*c + 3833 = g. What is the hundreds digit of g?
8
Let i(v) = -4*v**2 + 10*v + 10. Let u be i(5). Let a = u + 44. What is the units digit of a/(-34) + (-2384)/(-34)?
0
Let m be -5 + -4 + 6 - 174. Let k = m - -406. What is the hundreds digit of k?
2
Let p be (-7)/2*(-84)/98. Suppose x = -p*h + 4*x + 13089, -3*h - 3*x = -13119. What is the units digit of (-1)/2 + h/32?
6
Suppose 11 + 37 = 3*o. Suppose -3*p - 4*q - o = -4*p, -3*q = 3*p - 3. What is the tens digit of 0/(-1) + -2 + 104 + p?
0
Let s(o) = 13*o**2 + 9*o + 5. Suppose -2*t - 27 = 2*t + b, 4*b = -4*t - 36. What is the units digit of s(t)?
9
Suppose -3*a + 11 = 2*s, 7*a - 3*a - 30 = 5*s. Let u be (-53)/(s*(-2)/(-8)). Let t = 340 - u. What is the units digit of t?
4
What is the thousands digit of (-7 - 66/18)*274*-18?
2
Let y = -15833 + 34078. What is the ten thousands digit of y?
1
Suppose 3 = -2*k + 9. Suppose -4*u + 3*u - 3*f = 710, 0 = -2*u + k*f - 1420. What is the units digit of u/(-20)*(3 + -1)?
1
Suppose -c + 4*x = -1977 - 2387, x - 21694 = -5*c. What is the units digit of c?
0
Suppose -1737*n + 36176 = -1718*n. What is the thousands digit of n?
1
Suppose -41*d = -61*d + 80. Suppose -d*k + 8181 = -2*r + 2019, k - 1518 = 5*r. What is the hundreds digit of k?
5
Suppose -5*x + 20 - 5 = -5*m, -29 = -2*m - 5*x. Suppose 481 = m*s - 39. What is the units digit of s?
0
What is the thousands digit of (3 + -1 - 3)*(-2354 - -115)?
2
Let l = -11359 + 13092. What is the units digit of l?
3
Let c(n) = 40*n**2. Let z be c(-1). Let a be -6*((-13564)/z - 6/15). Suppose 11*v = a - 464. What is the units digit of v?
3
Let j(k) = -2*k - 1. Let p(n) = 31*n + 249. Let l(h) = 6*j(h) + p(h). What is the tens digit of l(15)?
2
What is the tens digit of 63101 + (-11)/(242/(-66))?
0
Suppose 0 = 4*v - 8, 3*t = 5*t + 4*v - 5362. Let j = t - 1546. What is the hundreds digit of j?
1
What is the ten thousands digit of (-76)/(-3)*1650894/1288?
3
Suppose -8*c = -11*c. Let q be (-5)/20*c/(-1). Suppose -s - 3*j + 69 = q, 2*s + 2*j = -0*s + 126. What is the tens digit of s?
6
Let c be ((-6)/5)/(90/1500). Le